e factors of j(2).
2, 89
Let q(n) be the second derivative of 7*n**3/6 - 3*n**2/2 - 2*n. Let w be (-3)/(9/(-2))*3. What are the prime factors of q(w)?
11
Let c(u) = -15*u - 3. List the prime factors of c(-3).
2, 3, 7
Suppose 3*m = 2*m. Suppose -3*x + 7*x - 16 = m. Suppose 2*b - 5*u - 11 = 3*b, x*b = 3*u + 48. What are the prime factors of b?
3
Let a(u) be the first derivative of 2 + 1/2*u**4 - 5/3*u**3 - 4*u + 3/2*u**2. List the prime factors of a(3).
2, 7
Let v(n) = 2*n - 6. Let u(i) = -i - 5. Let a be u(-11). List the prime factors of v(a).
2, 3
Let x(h) = 2*h + 24. What are the prime factors of x(10)?
2, 11
Let v be (-2 + 6)/((-1)/(-3)). Let w = -5 + v. List the prime factors of w.
7
Let u(h) = -h**3 + h**2 + h + 39. Let y be u(0). Let s = y - 23. What are the prime factors of s?
2
Let u(v) = -v**3 - 2*v**2 + 2. Let b be u(-2). What are the prime factors of (b - (-8)/(-2)) + 20?
2, 3
Let t(v) = -v**3 - 12*v**2 + 9*v - 25. List the prime factors of t(-13).
3
Suppose -8*l + 409 + 1311 = 0. What are the prime factors of l?
5, 43
Let z be 5/10 - 114/(-4). Suppose 3*p - 3*w = 81, z = p + 4*w - 6*w. What are the prime factors of p?
5
Let m(f) = f**3 + 12*f**2 - 2*f - 14. List the prime factors of m(-12).
2, 5
Let q(p) = -p**2 - 8*p + 11. Let g be 0/(-2) - -1 - 10. Let i be q(g). Suppose i*r = 7*r - 35. List the prime factors of r.
7
Suppose 0*z + 114 = 3*z. What are the prime factors of z?
2, 19
Let v = 38 + -22. What are the prime factors of v?
2
Suppose -11 - 25 = -4*i. Let u = i - 6. Suppose u*z - z + 2*g - 20 = 0, -g + 26 = 3*z. List the prime factors of z.
2
Let s be ((-18)/(-5))/((-1)/(-5)). Suppose 0 = 5*r - 0*r. Suppose r = 2*k - s - 0. List the prime factors of k.
3
Let m(l) = 3*l + 2. Let y be m(6). Suppose -15*u + 13*u = -y. What are the prime factors of u?
2, 5
Let w(h) = -h + 3. Let v be w(-5). Let q = v - 6. Let k = q - 0. What are the prime factors of k?
2
Suppose 6*l = 2*l - 2*c + 62, 2*l = 2*c + 16. Suppose 4*i = 3*r - 2, l = -2*r + 6*r + 5*i. List the prime factors of r.
2
Let j = 195 + -6. List the prime factors of j.
3, 7
Suppose -3*t - 23 = -4*n, 5*n + 1 = -t + 6. List the prime factors of n.
2
Let g(t) be the third derivative of t**4/24 + 2*t**3/3 - 5*t**2. Let m = 17 + -12. List the prime factors of g(m).
3
Let a = 79 - 46. What are the prime factors of a?
3, 11
What are the prime factors of (-4)/(-24)*-3*-8?
2
Suppose o + 510 = 3*o. Suppose o = i + 4*i. Suppose 57 = 4*l + 4*h - h, 5*l - i = 3*h. List the prime factors of l.
2, 3
Suppose -622 = -5*v + 118. List the prime factors of v.
2, 37
Suppose -n - 2*y = 28, 3*y = -4*n - 2*y - 106. Let q = n - -34. List the prime factors of q.
2, 5
Suppose 8 = -3*h - 1, 0 = -5*b - 4*h + 73. What are the prime factors of b?
17
Let s be (4/(-8))/(2/244). Let m = 47 - s. List the prime factors of 14/(-91) - m/(-26).
2
List the prime factors of (-743)/(-4) - (-2)/8.
2, 3, 31
Suppose 2*i + 25 - 517 = 5*b, 1230 = 5*i - 4*b. Suppose 4*q = 3*m - 146, i = 5*m - 4*q - 0*q. What are the prime factors of m?
2, 5
Suppose -4*p + a + 126 = 21, 5*p + a - 120 = 0. Suppose 3*v + 0*x - 21 = -3*x, -3*v + p = 2*x. List the prime factors of v.
11
Let w(f) = f**3 - 5*f**2 + 4*f - 4. Let n be w(4). Let p(x) = x**2 + 4*x + 4. What are the prime factors of p(n)?
2
Suppose -3*a + 12 = -0*a. Suppose 0 = 4*f - u - 33, -24 = -4*f + a*u - 0*u. What are the prime factors of f?
3
Let o(v) = v**3 + v**2 - v. Let n be o(0). Let w = 3 + n. List the prime factors of w.
3
Let z(g) = 3*g + 6. Suppose 26 = 5*j - 2*p, 2*p + p = 5*j - 24. Let b be z(j). Let c = b - 17. List the prime factors of c.
7
Let v = 73 + -32. What are the prime factors of v?
41
Let j be 228/20 + (-2)/5. Let w = 40 - j. List the prime factors of w.
29
Suppose -5*r + 171 = 871. Let j = -96 - r. Suppose 0 = 6*w - 2*w - j. What are the prime factors of w?
11
Suppose 3*q + 2*q - 5 = 0. Let y be (1 - 0)/(q/27). Suppose 2*s - m - 31 = 0, -2*s - m + 6 + y = 0. List the prime factors of s.
2
Let p(d) = -1. Let v(q) = 3*q + 4. Let h(c) = 3*p(c) + v(c). Let y = 4 + -2. List the prime factors of h(y).
7
Suppose 2*p = k + 6, -p + 14 = 5*k - 0*p. Suppose k*g + 2*y = 13 + 9, g - 14 = -2*y. Suppose a - g = -1. What are the prime factors of a?
7
What are the prime factors of 242 - 2 - (4 - (-3 - -10))?
3
Let t = 9 + -17. Let b(p) = -2*p**2 - 7*p - 7. Let y(d) = -d**2 + d - 1. Let c(i) = -b(i) + y(i). List the prime factors of c(t).
2, 3
Let o = 67 + -43. Let n(u) = u - 4. Let b be n(4). Suppose 2*w = -b*w + o. What are the prime factors of w?
2, 3
Suppose o - 5*y + 96 = 4*o, 0 = o - 5*y - 32. List the prime factors of o.
2
Suppose 4*s = p + 15, -2*s - p + 15 = -0*p. Let c(h) = -h**3 - 6*h**2 - 3*h - 6. Let g be c(-6). Suppose s*f - 3 - g = 0. List the prime factors of f.
3
Let w(u) = -u**2 - 6*u - 6. Let k be w(-4). Suppose 28 = -k*v + 4*v. List the prime factors of v.
2, 7
Suppose 0*k + 206 = 2*k. What are the prime factors of k?
103
Let b(x) = x - 14. Let w be b(10). Let i be (6/w)/(3/(-2)). What are the prime factors of -2 + 19 - -3 - i?
19
Let r = -23 - -42. Let i = -5 + r. Suppose 0 = -2*g - i + 36. What are the prime factors of g?
11
Let k = 2 + 1. Let v = k + 0. Suppose -v*h + 2*q - 5*q = 3, 0 = 3*q + 12. What are the prime factors of h?
3
Let h(i) = -3*i + 2 - 3 + 3*i**2 + i**3 - 2. Let g(p) = -p**2 - 2*p + 1. Let x be g(-3). List the prime factors of h(x).
7
Let b = 5 - 2. Suppose b*n - 68 = -n. What are the prime factors of n?
17
Suppose 4*k + 12 = 224. List the prime factors of k.
53
Let x = 2 + 9. Let m = x - -5. List the prime factors of m.
2
Suppose b = 2 - 0. Suppose 4*r - 3*s = -b, -3*s = -2*r - 0*r + 2. Let l = 4 + r. List the prime factors of l.
2
Let l(k) = 6*k + 15. What are the prime factors of l(5)?
3, 5
Let t(v) = -7*v + 4. Let x(p) = -13*p + 8. Let w be (-4)/14 - 44/(-7). Let j(n) = w*x(n) - 11*t(n). What are the prime factors of j(0)?
2
Suppose -12 = -g - 2*g. Let h = 4 - g. Suppose h*s + 2*s + 41 = 3*r, -71 = -3*r - 4*s. List the prime factors of r.
17
Let u(o) = o**3 - 7*o**2 - 7*o - 11. Let g be u(8). Let q = 5 + g. Suppose q*z = 4*z - 10. What are the prime factors of z?
5
Let j = -4 + 4. Suppose j = -9*f + 4*f + 25. Suppose 4 = 3*u - f. List the prime factors of u.
3
Let h(v) = -3*v**2 + 8*v - 4. Let m(z) = -z**2 + 4*z - 2. Let s(a) = -3*h(a) + 5*m(a). List the prime factors of s(2).
2, 5
Let y be (-1 + -11)/(6/4). Let t(m) be the first derivative of m**4/4 + 7*m**3/3 - 9*m**2/2 + 3*m - 8. List the prime factors of t(y).
11
Let l(x) = -x**3 + 7*x**2 - 8*x + 9. Let u be l(6). Let v = 0 + u. Let k = v + 5. List the prime factors of k.
2
Suppose 3*l + 10 = 8*l - 5*g, 3*g - 4 = -2*l. Suppose 5*x = -2*k - 41 - 53, l*x + k + 38 = 0. Let a = -13 - x. List the prime factors of a.
5
Let g be ((-1)/(-2)*44)/1. Suppose 0 = -h + 2*l + 8, 2*l + g = 2*h + l. List the prime factors of (h/(-10))/(1/(-5)).
2, 3
Let t(j) = -3*j**3 + j**2 + j + 1. Suppose -6 = 5*q + 4. List the prime factors of t(q).
3
Let q(i) = 9*i**2 - 1. Let o(m) = m**3 - 7*m**2 - 8*m - 4. Let r be o(8). Let k be r/8 - (-1)/(-2). What are the prime factors of q(k)?
2
What are the prime factors of -3 + (-21)/(-3) - -42?
2, 23
Suppose -105 + 29 = -2*b. What are the prime factors of b?
2, 19
Let h = 40 - 60. Let f be 1 - (h + (0 - -1)). List the prime factors of (-35)/(-4) + 5/f.
3
Let a(j) = 3 - j**2 - 10*j + 11*j - 7*j. List the prime factors of a(-4).
11
Suppose p + 0 = -1, 0 = -2*b - p + 47. What are the prime factors of 6/(-6) + b/1?
23
Let k be 42/(-3 + 0 + 5). Let p = -29 + k. Let o = -4 - p. What are the prime factors of o?
2
Let m(l) = -l**2 + 8*l + 4. Suppose -5*w = -3*w - 4. Let i be (1/2)/(w/28). What are the prime factors of m(i)?
11
Let d(h) = -5*h**2 - h + 1. Let r be d(1). Let k(u) = u**3 + 6*u**2 + 3*u + 1. List the prime factors of k(r).
11
Let l(g) = -g**3 - g**2 - g - 1. Let b be l(-3). Let o = b + -8. What are the prime factors of o?
2, 3
Let d = 14 + -2. Suppose x - 3*x - d = 0. List the prime factors of 2/x + 62/6.
2, 5
Suppose 0 = -4*f + 3*g + 39, -8 = -3*f - 0*f - 2*g. Let u(c) = c**2 + 2*c - 5. What are the prime factors of u(f)?
43
Let f(n) = -13*n**3 - n. Let k be f(-1). Let c = k + -8. Let g = 5 + c. What are the prime factors of g?
11
Let q(i) = 1. Let j(v